se 14?
24d
1111102 (base 4) to base 14
1dbc
What is -5ab (base 14) in base 4?
-101223
What is -22012 (base 6) in base 9?
-4138
Convert -256 (base 9) to base 3.
-21220
What is 1152 (base 10) in base 12?
800
-123222 (base 5) to base 8
-11314
Convert -20033 (base 4) to base 2.
-1000001111
1003 (base 9) to base 11
606
What is -12010000 (base 3) in base 12?
-21a6
What is 2231430 (base 5) in base 16?
9abf
Convert 72757 (base 8) to base 13.
10985
1546 (base 7) to base 5
4442
Convert -884 (base 11) to base 2.
-10000100100
What is 553 (base 12) in base 7?
2166
What is -1010 (base 10) in base 7?
-2642
110113 (base 5) to base 10
3783
What is -a53 (base 12) in base 7?
-4245
Convert -370 (base 9) to base 5.
-2211
122002010 (base 3) to base 11
9399
What is -4022a (base 11) in base 16?
-e5d6
What is 30233 (base 4) in base 9?
1105
13 (base 6) to base 13
9
What is -667 (base 10) in base 15?
-2e7
601 (base 9) to base 2
111100111
What is -21464 (base 8) in base 2?
-10001100110100
What is -10100110 (base 3) in base 8?
-4612
What is -10200012 (base 3) in base 12?
-1672
Convert -1010110010 (base 2) to base 3.
-221120
3664 (base 7) to base 15
614
What is -802 (base 11) in base 8?
-1712
What is 1885 (base 14) in base 2?
1000101001101
-124402 (base 5) to base 15
-171c
Convert 6ec (base 15) to base 4.
120210
What is 1310 (base 9) in base 2?
1111010101
What is 1212202201 (base 3) in base 11?
25895
What is 120423 (base 5) in base 3?
20011020
Convert -14142 (base 6) to base 10.
-2222
What is -1363a (base 11) in base 3?
-222121122
Convert 531 (base 16) to base 15.
5d9
5a1 (base 13) to base 14
4da
-1101100010 (base 3) to base 9
-41303
What is 11100010 (base 2) in base 7?
442
What is 22100 (base 6) in base 11?
2332
213 (base 4) to base 6
103
Convert 285 (base 12) to base 7.
1064
Convert 1146 (base 10) to base 8.
2172
Convert 2621 (base 7) to base 14.
511
Convert -604 (base 8) to base 11.
-323
What is -34a (base 14) in base 2?
-1010001110
-588a (base 14) to base 9
-23122
What is 2274 (base 12) in base 6?
25424
What is 220221122 (base 3) in base 4?
10130030
What is b8ae (base 16) in base 4?
23202232
-10388 (base 12) to base 6
-242252
Convert -11101111001010 (base 2) to base 6.
-154510
Convert 2031 (base 8) to base 9.
1385
Convert -189 (base 15) to base 9.
-433
-a98 (base 15) to base 9
-3248
Convert -401 (base 7) to base 15.
-d2
10101110010 (base 2) to base 15
62e
What is -12302 (base 7) in base 12?
-1a58
Convert 4a89 (base 12) to base 10.
8457
325231 (base 6) to base 5
1331331
10100101000 (base 2) to base 7
3564
32210 (base 5) to base 15
9a5
What is 12154 (base 6) in base 10?
1798
-11b9 (base 16) to base 12
-2761
What is -20771 (base 9) in base 13?
-634c
What is -262 (base 11) in base 13?
-1ab
What is -1013350 (base 6) in base 5?
-3024423
-18 (base 14) to base 15
-17
-448 (base 15) to base 10
-968
What is -3325 (base 8) in base 15?
-7b9
What is -1716 (base 8) in base 15?
-44e
Convert -1001001101000 (base 2) to base 13.
-21b6
Convert bd (base 16) to base 15.
c9
Convert 245033 (base 6) to base 7.
120444
Convert 4505 (base 11) to base 4.
1130232
-104213 (base 7) to base 15
-5642
-67003 (base 8) to base 4
-12320003
Convert 25050 (base 7) to base 3.
22222200
What is -101240 (base 6) in base 14?
-2d3a
200210 (base 3) to base 14
283
Convert 350 (base 10) to base 13.
20c
What is -1a85 (base 12) in base 5?
-101034
What is 15101 (base 12) in base 6?
344401
-376 (base 13) to base 5
-4404
-111002 (base 3) to base 8
-541
What is -1001 (base 8) in base 16?
-201
-11010101001001 (base 2) to base 6
-143053
Convert 317 (base 14) to base 15.
2a9
What is 13103 (base 10) in base 6?
140355
Convert 435 (base 12) to base 5.
4432
97a7 (base 12) to base 14
611d
What is 1004440 (base 5) in base 7?
65235
Convert -16788 (base 9) to base 2.
-10110100111110
What is 7375 (base 8) in base 15?
120c
Convert -267 (base 11) to base 9.
-380
What is -11522 (base 7) in base 11?
-2292
-101021212 (base 4) to base 6
-1301114
Convert 1103 (base 7) to base 14.
203
What is -101010111111 (base 2) in base 6?
-20423
-110001000010110 (base 2) to base 10
-25110
-13130 (base 5) to base 10
-1040
1000110101110 (base 2) to base 15
151b
What is -16365 (base 7) in base 3?
-20101100
1a303 (base 13) to base 10
51041
What is -1164 (base 8) in base 11?
-521
-10042 (base 8) to base 7
-15020
What is 3578 (base 9) in base 16?
a67
What is -1cd4 (base 16) in base 2?
-1110011010100
What is -581 (base 9) in base 11?
-3a5
Convert 1c6 (base 16) to base 6.
2034
Convert -3023 (base 9) to base 3.
-10000210
26e (base 15) to base 2
1000101010
Convert -9662 (base 14) to base 12.
-13032
-5227 (base 10) to base 8
-12153
-224030 (base 5) to base 16
-1f4f
What is 80a (base 14) in base 9?
2143
What is 497 (base 14) in base 10?
917
What is 135a (base 11) in base 3?
2102011
Convert 3973 (base 12) to base 6.
50223
-4c (base 14) to base 6
-152
Convert -862 (base 10) to base 7.
-2341
What is -111312 (base 4) in base 10?
-1398
Convert -15720 (base 10) to base 12.
-9120
-15031 (base 8) to base 13
-306c
What is -10270 (base 13) in base 11?
-1a865
Convert -2241 (base 6) to base 3.
-201121
Convert 1767 (base 12) to base 2.
101011111111
Convert -428 (base 10) to base 16.
-1ac
585 (base 11) to base 12
4a2
1303123 (base 4) to base 3
101010121
Convert -4120340 (base 5) to base 10.
-66970
Convert 10588 (base 9) to base 16.
1b86
What is 2285 (base 16) in base 11?
6704
Convert -248 (base 10) to base 7.
-503
What is -3586 (base 10) in base 5?
-103321
Convert -309 (base 12) to base 16.
-1b9
Convert 275 (base 10) to base 5.
2100
Convert -194a8 (base 11) to base 14.
-9cc6
What is -233100 (base 4) in base 6?
-22000
What is -22220202 (base 3) in base 7?
-24644
What is 17124 (base 8) in base 3?
101122120
What is 14a7 (base 14) in base 9?
5033
Convert -1222122110 (base 3) to base 4.
-21203010
What is 3815 (base 10) in base 6?
25355
What is -551 (base 6) in base 14?
-111
Convert -ab (base 13) to base 8.
-215
Convert 11a (base 16) to base 13.
189
What is -2314 (base 5) in base 10?
-334
28 (base 13) to base 4
202
What is 18413 (base 10) in base 15?
56c8
What is -1063 (base 7) in base 6?
-1444
-34654 (base 10) to base 16
-875e
What is 1110212 (base 3) in base 13?
64a
-1100033 (base 4) to base 2
-1010000001111
What is -cd23 (base 14) in base 13?
-13214
What is 70452 (base 10) in base 5?
4223302
What is -18b7 (base 13) in base 4?
-321303
What is -111011000 (base 2) in base 15?
-217
1a5b2 (base 13) to base 10
51521
What is 10c5 (base 15) in base 16?
de8
11c3 (base 13) to base 3
10110112
3cad (base 16) to base 15
4908
-10 (base 9) to base 11
-9
-273 (base 8) to base 5
-1222
Convert 526 (base 8) to base 2.
101010110
3420 (base 5) to base 6
2125
What is -9147 (base 12) in base 4?
-3312013
What is -1780 (base 13) in base 11?
-2688
Convert 485 (base 16) to base 5.
14112
bbd6 (base 14) to base 6
410332
What is -536353 (base 7) in base 14?
-260d3
What is 11001101011 (base 2) in base 16?
66b
-1d7 (base 15) to base 12
-2b7
-18a86 (base 14) to base 9
-104584
Convert -240333 (base 5) to base 3.
-110010112
309 (base 14) to base 4
21111
What is -357 (base 12) in base 3?
-200111
Convert -23332 (base 6) to base 12.
-1b48
-2414 (base 6) to base 9
-721
Convert -301 (base 14) to base 2.
-1001001101
-15b0b (base 14) to base 13
-1b942
What is 2100323 (base 4) in base 3?
110201112
-82 (base 16) to base 3
-11211
Convert a9e (base 16) to base 12.
16a6
Convert 7106 (base 8) to base 6.
24530
1000011000001 (base 2) to base 10
4289
-3824 (base 13) to base 5
-223343
-12102021 (base 4) to base 12
-12a89
What is aa7 (base 16) in base 2?
101010100111
c88 (base 13) to base 8
4134
Convert 67447 (base 9) to base 11.
30760
Convert -152505 (base 7) to base 9.
-44723
41a (base 13) to base 7
2016
Convert -110011111 (base 2) to base 5.
-3130
What is -176 (base 14) in base 15?
-150
c67 (base 13) to base 3
2220021
-3300 (base 4) to base 6
-1040
-221 (base 16) to base 13
-32c
What is -11201222 (base 3) in base 7?
-13034
Convert f4a1 (base 16) to base 7.
350403
What is -10125 (base 8) in base 15?
-138b
Convert 283 (base 16) to base 11.
535
11110101000 (base 2) to base 8
3650
What is -41563 (base 7) in base 8?
-23775
-10001000011 (base 2) to base 10
-1091
Convert -8472 (base 14) to base 3.
-1011022210
Convert 126 (base 14) to